tors of 471?
3, 157
List the prime factors of 13110.
2, 3, 5, 19, 23
What are the prime factors of 110?
2, 5, 11
List the prime factors of 1145.
5, 229
List the prime factors of 4004.
2, 7, 11, 13
List the prime factors of 6333.
3, 2111
What are the prime factors of 156264?
2, 3, 17, 383
What are the prime factors of 17231?
17231
What are the prime factors of 8098?
2, 4049
List the prime factors of 1292.
2, 17, 19
List the prime factors of 23196.
2, 3, 1933
What are the prime factors of 959?
7, 137
List the prime factors of 1490.
2, 5, 149
List the prime factors of 49556.
2, 13, 953
List the prime factors of 1316.
2, 7, 47
What are the prime factors of 4296?
2, 3, 179
List the prime factors of 107043.
3, 31, 1151
List the prime factors of 103609.
11, 9419
List the prime factors of 2882.
2, 11, 131
List the prime factors of 1683.
3, 11, 17
What are the prime factors of 5461?
43, 127
What are the prime factors of 35353?
35353
List the prime factors of 91692.
2, 3, 283
List the prime factors of 2823.
3, 941
List the prime factors of 80928.
2, 3, 281
What are the prime factors of 47916?
2, 3, 11
What are the prime factors of 1246?
2, 7, 89
What are the prime factors of 23550?
2, 3, 5, 157
List the prime factors of 13616.
2, 23, 37
List the prime factors of 12192.
2, 3, 127
List the prime factors of 8663.
8663
List the prime factors of 9640.
2, 5, 241
List the prime factors of 7191.
3, 17, 47
List the prime factors of 5472.
2, 3, 19
What are the prime factors of 30775?
5, 1231
What are the prime factors of 636?
2, 3, 53
What are the prime factors of 41449?
181, 229
List the prime factors of 840.
2, 3, 5, 7
List the prime factors of 5573.
5573
What are the prime factors of 109363?
109363
What are the prime factors of 13250?
2, 5, 53
What are the prime factors of 12428?
2, 13, 239
What are the prime factors of 830?
2, 5, 83
List the prime factors of 3293.
37, 89
List the prime factors of 19380.
2, 3, 5, 17, 19
List the prime factors of 10971.
3, 23, 53
List the prime factors of 18745.
5, 23, 163
What are the prime factors of 3993?
3, 11
List the prime factors of 44802.
2, 3, 19, 131
List the prime factors of 31652.
2, 41, 193
What are the prime factors of 45681?
3, 15227
What are the prime factors of 57609?
3, 37, 173
List the prime factors of 1048.
2, 131
What are the prime factors of 33167?
17, 1951
List the prime factors of 652.
2, 163
List the prime factors of 21670.
2, 5, 11, 197
List the prime factors of 16061.
16061
What are the prime factors of 398?
2, 199
List the prime factors of 690.
2, 3, 5, 23
List the prime factors of 2283.
3, 761
What are the prime factors of 43207?
43207
List the prime factors of 4372.
2, 1093
List the prime factors of 75809.
41, 43
What are the prime factors of 10974?
2, 3, 31, 59
What are the prime factors of 1177?
11, 107
List the prime factors of 922.
2, 461
What are the prime factors of 2725?
5, 109
What are the prime factors of 4724?
2, 1181
List the prime factors of 6916.
2, 7, 13, 19
List the prime factors of 299.
13, 23
What are the prime factors of 407?
11, 37
What are the prime factors of 12045?
3, 5, 11, 73
What are the prime factors of 1082?
2, 541
What are the prime factors of 459?
3, 17
What are the prime factors of 1103?
1103
List the prime factors of 599.
599
List the prime factors of 1821.
3, 607
List the prime factors of 1936.
2, 11
List the prime factors of 3215.
5, 643
List the prime factors of 7112.
2, 7, 127
What are the prime factors of 7108?
2, 1777
List the prime factors of 22446.
2, 3, 29, 43
List the prime factors of 27758.
2, 13879
What are the prime factors of 700?
2, 5, 7
What are the prime factors of 436?
2, 109
List the prime factors of 26376.
2, 3, 7, 157
What are the prime factors of 27047?
17, 37, 43
List the prime factors of 575.
5, 23
What are the prime factors of 42836?
2, 10709
List the prime factors of 79952.
2, 19, 263
List the prime factors of 977.
977
What are the prime factors of 116818?
2, 13, 4493
List the prime factors of 2754.
2, 3, 17
What are the prime factors of 19091?
17, 1123
What are the prime factors of 84718?
2, 42359
What are the prime factors of 4875?
3, 5, 13
List the prime factors of 55983.
3, 18661
List the prime factors of 1989.
3, 13, 17
What are the prime factors of 122815?
5, 7, 11, 29
What are the prime factors of 79025?
5, 29, 109
What are the prime factors of 2446?
2, 1223
What are the prime factors of 19745?
5, 11, 359
What are the prime factors of 81827?
47, 1741
What are the prime factors of 73?
73
What are the prime factors of 8895?
3, 5, 593
List the prime factors of 15961.
11, 1451
What are the prime factors of 1223?
1223
What are the prime factors of 30412?
2, 7603
What are the prime factors of 8951?
8951
What are the prime factors of 613?
613
What are the prime factors of 28896?
2, 3, 7, 43
What are the prime factors of 6416?
2, 401
List the prime factors of 3808.
2, 7, 17
What are the prime factors of 10175?
5, 11, 37
List the prime factors of 1959.
3, 653
What are the prime factors of 3351?
3, 1117
List the prime factors of 53356.
2, 13339
What are the prime factors of 2004?
2, 3, 167
What are the prime factors of 2640?
2, 3, 5, 11
What are the prime factors of 6566?
2, 7, 67
What are the prime factors of 6129?
3, 227
What are the prime factors of 35701?
19, 1879
List the prime factors of 33151.
33151
List the prime factors of 6636.
2, 3, 7, 79
What are the prime factors of 950?
2, 5, 19
List the prime factors of 42386.
2, 21193
List the prime factors of 32178.
2, 3, 31, 173
List the prime factors of 66889.
66889
List the prime factors of 13066.
2, 47, 139
List the prime factors of 2650.
2, 5, 53
List the prime factors of 3790.
2, 5, 379
What are the prime factors of 4669?
7, 23, 29
List the prime factors of 105.
3, 5, 7
List the prime factors of 18494.
2, 7, 1321
List the prime factors of 6252.
2, 3, 521
What are the prime factors of 6746?
2, 3373
List the prime factors of 5751.
3, 71
List the prime factors of 1694.
2, 7, 11
List the prime factors of 2816.
2, 11
List the prime factors of 4064.
2, 127
List the prime factors of 14463.
3, 1607
What are the prime factors of 5491?
17, 19
What are the prime factors of 79835?
5, 7, 2281
What are the prime factors of 15753?
3, 59, 89
What are the prime factors of 26485?
5, 5297
What are the prime factors of 1294?
2, 647
List the prime factors of 5004.
2, 3, 139
List the prime factors of 12463.
11, 103
List the prime factors of 3158.
2, 1579
List the prime factors of 1499.
1499
List the prime factors of 37476.
2, 3, 347
List the prime factors of 4634.
2, 7, 331
What are the prime factors of 787?
787
List the prime factors of 202716.
2, 3, 1877
What are the prime factors of 531?
3, 59
List the prime factors of 54.
2, 3
List the prime factors of 3291.
3, 1097
What are the prime factors of 1843?
19, 97
List the prime factors of 21129.
3, 7043
List the prime factors of 55178.
2, 47, 587
What are the prime factors of 52431?
3, 17477
What are the prime factors of 13589?
107, 127
List the prime factors of 99989.
99989
List the prime factors of 2113.
2113
What are the prime factors of 2735?
5, 547
List the prime factors of 101.
101
List the prime factors of 67.
67
List the prime factors of 24885.
3, 5, 7, 79
List the prime factors of 11351.
11351
List the prime factors of 993.
3, 331
List the prime factors of 558.
2, 3, 31
What are the prime factors of 7892?
2, 1973
What are the prime factors of 43745?
5, 13, 673
What are the prime factors of 13122?
2, 3
List the prime factors of 2900.
2, 5, 29
List the prime factors of 3437.
7, 491
What are the prime factors of 61526?
2, 30763
What are the prime factors of 696?
2, 3, 29
List the prime factors of 6149.
11, 13, 43
What are the prime factors of 894?
2, 3, 149
List the prime factors of 35321.
11, 13, 19
List the prime factors of 233.
233
List the prime factors of 1305.
3, 5, 29
What are the prime factors of 49?
7
What are the prime factors of 1222?
2, 13, 47
What are the prime factors of 55251?
3, 7, 877
What are the prime factors of 2657?
2657
List the prime factors of 9170.
2, 5, 7, 131
List the prime factors of 30892.
2, 7723
List the prime factors of 857.
857
List the prime factors of 204.
2, 3, 17
What are the prime factors of 834?
2, 3, 139
List th